{"id":242,"date":"2023-11-04T19:43:02","date_gmt":"2023-11-04T18:43:02","guid":{"rendered":"https:\/\/sparrowte.ch\/?page_id=242"},"modified":"2023-12-07T15:48:50","modified_gmt":"2023-12-07T14:48:50","slug":"about-me","status":"publish","type":"page","link":"https:\/\/sparrow365.de\/index.php\/about-me\/","title":{"rendered":"\u00dcber mich"},"content":{"rendered":"\n<div class=\"wp-block-columns is-layout-flex wp-container-core-columns-is-layout-9d6595d7 wp-block-columns-is-layout-flex\">\n<div class=\"wp-block-column is-layout-flow wp-block-column-is-layout-flow\" style=\"flex-basis:33.33%\">\n<figure class=\"wp-block-image size-large is-style-rounded\"><img loading=\"lazy\" decoding=\"async\" width=\"1856\" height=\"1856\" src=\"https:\/\/sparrowte.ch\/wp-content\/uploads\/2023\/11\/Profile2022-edited-1.jpg\" alt=\"\" class=\"wp-image-265\" srcset=\"https:\/\/sparrow365.de\/wp-content\/uploads\/2023\/11\/Profile2022-edited-1.jpg 1856w, https:\/\/sparrow365.de\/wp-content\/uploads\/2023\/11\/Profile2022-edited-1-300x300.jpg 300w, https:\/\/sparrow365.de\/wp-content\/uploads\/2023\/11\/Profile2022-edited-1-1024x1024.jpg 1024w, https:\/\/sparrow365.de\/wp-content\/uploads\/2023\/11\/Profile2022-edited-1-150x150.jpg 150w, https:\/\/sparrow365.de\/wp-content\/uploads\/2023\/11\/Profile2022-edited-1-768x768.jpg 768w, https:\/\/sparrow365.de\/wp-content\/uploads\/2023\/11\/Profile2022-edited-1-1536x1536.jpg 1536w\" sizes=\"auto, (max-width: 1856px) 100vw, 1856px\" \/><\/figure>\n<\/div>\n\n\n\n<div class=\"wp-block-column is-layout-flow wp-block-column-is-layout-flow\" style=\"flex-basis:66.66%\">\n<p id=\"block-445e7121-a987-45ba-a72f-74254d3b2683\" style=\"font-style:italic;font-weight:300\">Hallo Welt!<\/p>\n\n\n\n<p id=\"block-aa2d7fde-ef2f-41d9-9159-bccd52a5ed33\" style=\"font-style:italic;font-weight:300\">Ich bin begeisterter Informatiker und habe mein Hobby zum Beruf gemacht.<\/p>\n\n\n\n<p id=\"block-b5835713-6542-4102-adf8-c3916766f59f\" style=\"font-style:italic;font-weight:300\">Auf diesem Blog versuche ich interessante Informationen, Herausforderungen und L\u00f6sungen f\u00fcr die \u00d6ffentlichkeit aufzubereiten.<\/p>\n\n\n\n<p style=\"font-style:italic;font-weight:300\">Meine meiste Zeit investiere ich in PowerShell, Entra ID und Microsoft Security, es kann aber vorkommen, dass ich mich auch in andere Felder verirre.<\/p>\n\n\n\n<p style=\"font-style:italic;font-weight:300\">In der Vergangenheit habe ich auch viel Zeit mit Druckern, Poly Videokonferenzinfrastruktur und Skype for Business \/ Teams verbracht.<\/p>\n\n\n\n<p style=\"font-style:italic;font-weight:300\">Mein Motto:<\/p>\n\n\n\n<p id=\"block-f5cf4895-0f54-4589-a4f6-12cbcb11c371\" style=\"font-style:italic;font-weight:300\">Nur Stephen King macht Horror aus IT<\/p>\n<\/div>\n<\/div>\n\n\n\n<p><\/p>\n","protected":false},"excerpt":{"rendered":"<p>Hallo Welt! Ich bin begeisterter Informatiker und habe mein Hobby zum Beruf gemacht. Auf diesem Blog versuche ich interessante Informationen, Herausforderungen und L\u00f6sungen f\u00fcr die \u00d6ffentlichkeit aufzubereiten. Meine meiste Zeit investiere ich in PowerShell, Entra ID und Microsoft Security, es kann aber vorkommen, dass ich mich auch in andere Felder verirre. In der Vergangenheit habe&#8230; &raquo; <a class=\"read-more-link\" href=\"https:\/\/sparrow365.de\/index.php\/about-me\/\">weiterlesen<\/a><\/p>\n","protected":false},"author":1,"featured_media":0,"parent":0,"menu_order":0,"comment_status":"closed","ping_status":"closed","template":"","meta":{"footnotes":""},"class_list":["post-242","page","type-page","status-publish","hentry"],"_links":{"self":[{"href":"https:\/\/sparrow365.de\/index.php\/wp-json\/wp\/v2\/pages\/242","targetHints":{"allow":["GET"]}}],"collection":[{"href":"https:\/\/sparrow365.de\/index.php\/wp-json\/wp\/v2\/pages"}],"about":[{"href":"https:\/\/sparrow365.de\/index.php\/wp-json\/wp\/v2\/types\/page"}],"author":[{"embeddable":true,"href":"https:\/\/sparrow365.de\/index.php\/wp-json\/wp\/v2\/users\/1"}],"replies":[{"embeddable":true,"href":"https:\/\/sparrow365.de\/index.php\/wp-json\/wp\/v2\/comments?post=242"}],"version-history":[{"count":16,"href":"https:\/\/sparrow365.de\/index.php\/wp-json\/wp\/v2\/pages\/242\/revisions"}],"predecessor-version":[{"id":742,"href":"https:\/\/sparrow365.de\/index.php\/wp-json\/wp\/v2\/pages\/242\/revisions\/742"}],"wp:attachment":[{"href":"https:\/\/sparrow365.de\/index.php\/wp-json\/wp\/v2\/media?parent=242"}],"curies":[{"name":"wp","href":"https:\/\/api.w.org\/{rel}","templated":true}]}}